{"id":12,"date":"2014-08-09T16:01:26","date_gmt":"2014-08-09T15:01:26","guid":{"rendered":"http:\/\/esperancerando.fr\/?page_id=12"},"modified":"2015-03-24T13:21:38","modified_gmt":"2015-03-24T12:21:38","slug":"la-charte-du-randonneur","status":"publish","type":"page","link":"https:\/\/esperancerando.fr\/?page_id=12","title":{"rendered":"Notre Charte"},"content":{"rendered":"<ul>\n<li>Laissons la nature et l\u2019environnement comme nous les avons trouv\u00e9s, sans \u00a0d\u00e9chet, que notre attitude serve d\u2019exemple pour les autres randonneurs.<\/li>\n<li>Respectons les sentiers, n\u2019utilisons pas de raccourcis pour limiter le pi\u00e9tinement de la v\u00e9g\u00e9tation et l\u2019\u00e9rosion.<\/li>\n<li>Pensons aux autres, \u00e0 la s\u00e9r\u00e9nit\u00e9 de la nature. Nous ne sommes pas les seuls \u00e0 fr\u00e9quenter les chemins.<\/li>\n<li>Apprenons \u00e0 conna\u00eetre et \u00e0 respecter la faune et la flore, surtout dans les espaces sensibles.<\/li>\n<li>Ne faisons pas de feu dans la nature (For\u00eats et zones broussailleuses)<\/li>\n<li>Ne d\u00e9gradons, ni les cultures, ni les plantations et ne d\u00e9rangeons pas les animaux domestiques ou troupeaux. N\u2019oublions jamais de toujours refermer derri\u00e8re nous, cl\u00f4tures et barri\u00e8res.<\/li>\n<li>Renseignons-nous aupr\u00e8s des communes en p\u00e9riode de chasse. Certains itin\u00e9raires peuvent \u00eatre dangereux.<\/li>\n<\/ul>\n","protected":false},"excerpt":{"rendered":"<p>Laissons la nature et l\u2019environnement comme nous les avons trouv\u00e9s, sans \u00a0d\u00e9chet, que notre attitude serve d\u2019exemple pour les autres randonneurs. Respectons les sentiers, n\u2019utilisons pas de raccourcis pour limiter le pi\u00e9tinement de la v\u00e9g\u00e9tation et l\u2019\u00e9rosion. Pensons aux autres, \u00e0 la s\u00e9r\u00e9nit\u00e9 de la nature. Nous ne sommes pas les seuls \u00e0 fr\u00e9quenter les [&hellip;]<\/p>\n","protected":false},"author":1,"featured_media":0,"parent":0,"menu_order":0,"comment_status":"closed","ping_status":"open","template":"","meta":{"footnotes":""},"class_list":["post-12","page","type-page","status-publish","hentry"],"_links":{"self":[{"href":"https:\/\/esperancerando.fr\/index.php?rest_route=\/wp\/v2\/pages\/12"}],"collection":[{"href":"https:\/\/esperancerando.fr\/index.php?rest_route=\/wp\/v2\/pages"}],"about":[{"href":"https:\/\/esperancerando.fr\/index.php?rest_route=\/wp\/v2\/types\/page"}],"author":[{"embeddable":true,"href":"https:\/\/esperancerando.fr\/index.php?rest_route=\/wp\/v2\/users\/1"}],"replies":[{"embeddable":true,"href":"https:\/\/esperancerando.fr\/index.php?rest_route=%2Fwp%2Fv2%2Fcomments&post=12"}],"version-history":[{"count":5,"href":"https:\/\/esperancerando.fr\/index.php?rest_route=\/wp\/v2\/pages\/12\/revisions"}],"predecessor-version":[{"id":1189,"href":"https:\/\/esperancerando.fr\/index.php?rest_route=\/wp\/v2\/pages\/12\/revisions\/1189"}],"wp:attachment":[{"href":"https:\/\/esperancerando.fr\/index.php?rest_route=%2Fwp%2Fv2%2Fmedia&parent=12"}],"curies":[{"name":"wp","href":"https:\/\/api.w.org\/{rel}","templated":true}]}}