{"id":12812,"date":"2020-10-05T19:44:00","date_gmt":"2020-10-05T18:44:00","guid":{"rendered":"https:\/\/esperancerando.fr\/?page_id=12812"},"modified":"2024-11-27T18:56:44","modified_gmt":"2024-11-27T17:56:44","slug":"cuisine","status":"publish","type":"page","link":"https:\/\/esperancerando.fr\/?page_id=12812","title":{"rendered":"Cuisine"},"content":{"rendered":"<ul>\n<li><a href=\"https:\/\/esperancerando.fr\/wp-content\/uploads\/2021\/11\/Barres-de-Cereales-Nadine.docx\"><span style=\"color: #0000ff;\"><strong><span style=\"color: #0000ff;\">Barres de C\u00e9r\u00e9ales Nadine<\/span><\/strong><\/span><\/a> <span style=\"color: #000000;\">(Auteur Nadine CHEVIN &#8211; Publi\u00e9 le 24\/11\/2021)<\/span><\/li>\n<li><a href=\"https:\/\/esperancerando.fr\/wp-content\/uploads\/2021\/12\/Bonhomme-de-Pain-dEpices.pdf\"><span style=\"color: #0000ff;\"><strong><span style=\"color: #0000ff;\">Bonhomme de Pain d&rsquo;Epices<\/span><\/strong><\/span><\/a> <span style=\"color: #000000;\">(Auteur Martine RICHARD &#8211; Publi\u00e9 le 02\/12\/2021)<\/span><\/li>\n<li><a href=\"https:\/\/esperancerando.fr\/wp-content\/uploads\/2020\/10\/Feuillete-aux-Pommes-Caramel-Beurre-Sale.pdf\"><span style=\"color: #0000ff;\"><strong><span style=\"color: #0000ff;\">Feuillet\u00e9 aux Pommes Caramel Beurre Sal\u00e9<\/span><\/strong><\/span><\/a> <span style=\"color: #000000;\">(Auteur Jos\u00e9e BARAT &#8211; Publi\u00e9 le 12\/10\/2020)<\/span><\/li>\n<li><a href=\"https:\/\/esperancerando.fr\/wp-content\/uploads\/2024\/11\/Flan-Pommes-et-Yaourt.pdf\"><strong><span style=\"color: #0000ff;\">Flan Pommes et Yaourt<\/span><\/strong><\/a> <span style=\"color: #000000;\">(Auteur Nadine CHEVIN &#8211; Publi\u00e9 le 26\/11\/2024)<\/span><\/li>\n<li><a style=\"font-size: 1rem;\" href=\"https:\/\/esperancerando.fr\/wp-content\/uploads\/2020\/10\/Gateau-aux-Noix-de-Tata-MiMi.pdf\"><strong><span style=\"color: #0000ff;\">G\u00e2teau aux Noix de Tata MiMi<\/span><\/strong><\/a> <span style=\"color: #000000;\">(Auteur Jean-Michel VILAR &#8211; Publi\u00e9 le 06\/10\/2020)<\/span><\/li>\n<li><a href=\"https:\/\/esperancerando.fr\/wp-content\/uploads\/2024\/11\/Gateau-Quatre-Quart-dAutomne.pdf\"><strong><span style=\"color: #0000ff;\">G\u00e2teau Quatre Quart d&rsquo;Automne<\/span><\/strong><\/a> <span style=\"color: #000000;\">(Auteur Nadine CHEVIN &#8211; Publi\u00e9 le 26\/11\/2024)<\/span><\/li>\n<li><a href=\"https:\/\/esperancerando.fr\/wp-content\/uploads\/2024\/11\/Pain-de-Noel-Gourmand-aux-Fruits-Secs-et-Epices-Festives.pdf\"><strong><span style=\"color: #0000ff;\">Pain de No\u00ebl Gourmand aux Fruits Secs et Epices Festives<\/span><\/strong><\/a> <span style=\"color: #000000;\">(Auteur Nadine CHEVIN &#8211; Publi\u00e9 le 26\/11\/2024)<\/span><\/li>\n<li><span style=\"color: #0000ff;\"><strong><a style=\"color: #0000ff;\" href=\"https:\/\/esperancerando.fr\/wp-content\/uploads\/2020\/10\/Palets-aux-Noix.pdf\">Palets aux Noix<\/a><\/strong><\/span> <span style=\"color: #000000;\">(Auteur Jean-Michel VILAR &#8211; Publi\u00e9 le 19\/10\/2020)<\/span><\/li>\n<li><span style=\"color: #0000ff;\"><strong><a style=\"color: #0000ff;\" href=\"https:\/\/esperancerando.fr\/wp-content\/uploads\/2024\/11\/Pickles-de-Courgette.pdf\">Pickles de Courgette<\/a><\/strong><\/span> <span style=\"color: #000000;\">(Auteur Jean-Michel VILAR &#8211; Publi\u00e9 le 21\/11\/2024)<\/span><\/li>\n<li><span style=\"color: #0000ff;\"><a style=\"color: #0000ff;\" href=\"https:\/\/esperancerando.fr\/wp-content\/uploads\/2021\/12\/Sables-de-Noel.pdf\"><strong><span style=\"color: #0000ff;\">Sabl\u00e9s de No\u00ebl<\/span><\/strong><\/a> <\/span><span style=\"color: #000000;\">(Auteur Martine RICHARD &#8211; Publi\u00e9 le 02\/12\/2021)<\/span><\/li>\n<\/ul>\n","protected":false},"excerpt":{"rendered":"<p>Barres de C\u00e9r\u00e9ales Nadine (Auteur Nadine CHEVIN &#8211; Publi\u00e9 le 24\/11\/2021) Bonhomme de Pain d&rsquo;Epices (Auteur Martine RICHARD &#8211; Publi\u00e9 le 02\/12\/2021) Feuillet\u00e9 aux Pommes Caramel Beurre Sal\u00e9 (Auteur Jos\u00e9e BARAT &#8211; Publi\u00e9 le 12\/10\/2020) Flan Pommes et Yaourt (Auteur Nadine CHEVIN &#8211; Publi\u00e9 le 26\/11\/2024) G\u00e2teau aux Noix de Tata MiMi (Auteur Jean-Michel VILAR [&hellip;]<\/p>\n","protected":false},"author":1,"featured_media":0,"parent":12809,"menu_order":0,"comment_status":"closed","ping_status":"closed","template":"","meta":{"footnotes":""},"class_list":["post-12812","page","type-page","status-publish","hentry"],"_links":{"self":[{"href":"https:\/\/esperancerando.fr\/index.php?rest_route=\/wp\/v2\/pages\/12812"}],"collection":[{"href":"https:\/\/esperancerando.fr\/index.php?rest_route=\/wp\/v2\/pages"}],"about":[{"href":"https:\/\/esperancerando.fr\/index.php?rest_route=\/wp\/v2\/types\/page"}],"author":[{"embeddable":true,"href":"https:\/\/esperancerando.fr\/index.php?rest_route=\/wp\/v2\/users\/1"}],"replies":[{"embeddable":true,"href":"https:\/\/esperancerando.fr\/index.php?rest_route=%2Fwp%2Fv2%2Fcomments&post=12812"}],"version-history":[{"count":21,"href":"https:\/\/esperancerando.fr\/index.php?rest_route=\/wp\/v2\/pages\/12812\/revisions"}],"predecessor-version":[{"id":23191,"href":"https:\/\/esperancerando.fr\/index.php?rest_route=\/wp\/v2\/pages\/12812\/revisions\/23191"}],"up":[{"embeddable":true,"href":"https:\/\/esperancerando.fr\/index.php?rest_route=\/wp\/v2\/pages\/12809"}],"wp:attachment":[{"href":"https:\/\/esperancerando.fr\/index.php?rest_route=%2Fwp%2Fv2%2Fmedia&parent=12812"}],"curies":[{"name":"wp","href":"https:\/\/api.w.org\/{rel}","templated":true}]}}