{"id":20,"date":"2014-08-09T16:02:29","date_gmt":"2014-08-09T15:02:29","guid":{"rendered":"http:\/\/esperancerando.fr\/?page_id=20"},"modified":"2014-08-26T16:27:03","modified_gmt":"2014-08-26T15:27:03","slug":"condition-dorganisation","status":"publish","type":"page","link":"https:\/\/esperancerando.fr\/?page_id=20","title":{"rendered":"Condition d&rsquo;organisation"},"content":{"rendered":"<ul>\n<li>Le responsable d\u00e9l\u00e9gu\u00e9 de la randonn\u00e9e doit s\u2019informer\u00a0:\n<ul>\n<li>De l\u2019itin\u00e9raire projet\u00e9 et de pr\u00e9f\u00e9rence, le reconna\u00eetre.<\/li>\n<li>Informer les participants potentiels du descriptif de la randonn\u00e9e quant \u00e0 ses difficult\u00e9s, sa dur\u00e9e, ses objectifs, l\u2019\u00e9quipement et mat\u00e9riels n\u00e9cessaires.<\/li>\n<li>Evaluer et surveiller les attitudes des participants tout en suscitant leur curiosit\u00e9 et leur attention.<\/li>\n<\/ul>\n<\/li>\n<\/ul>\n","protected":false},"excerpt":{"rendered":"<p>Le responsable d\u00e9l\u00e9gu\u00e9 de la randonn\u00e9e doit s\u2019informer\u00a0: De l\u2019itin\u00e9raire projet\u00e9 et de pr\u00e9f\u00e9rence, le reconna\u00eetre. Informer les participants potentiels du descriptif de la randonn\u00e9e quant \u00e0 ses difficult\u00e9s, sa dur\u00e9e, ses objectifs, l\u2019\u00e9quipement et mat\u00e9riels n\u00e9cessaires. Evaluer et surveiller les attitudes des participants tout en suscitant leur curiosit\u00e9 et leur attention.<\/p>\n","protected":false},"author":1,"featured_media":0,"parent":16,"menu_order":0,"comment_status":"closed","ping_status":"open","template":"","meta":{"footnotes":""},"class_list":["post-20","page","type-page","status-publish","hentry"],"_links":{"self":[{"href":"https:\/\/esperancerando.fr\/index.php?rest_route=\/wp\/v2\/pages\/20"}],"collection":[{"href":"https:\/\/esperancerando.fr\/index.php?rest_route=\/wp\/v2\/pages"}],"about":[{"href":"https:\/\/esperancerando.fr\/index.php?rest_route=\/wp\/v2\/types\/page"}],"author":[{"embeddable":true,"href":"https:\/\/esperancerando.fr\/index.php?rest_route=\/wp\/v2\/users\/1"}],"replies":[{"embeddable":true,"href":"https:\/\/esperancerando.fr\/index.php?rest_route=%2Fwp%2Fv2%2Fcomments&post=20"}],"version-history":[{"count":3,"href":"https:\/\/esperancerando.fr\/index.php?rest_route=\/wp\/v2\/pages\/20\/revisions"}],"predecessor-version":[{"id":280,"href":"https:\/\/esperancerando.fr\/index.php?rest_route=\/wp\/v2\/pages\/20\/revisions\/280"}],"up":[{"embeddable":true,"href":"https:\/\/esperancerando.fr\/index.php?rest_route=\/wp\/v2\/pages\/16"}],"wp:attachment":[{"href":"https:\/\/esperancerando.fr\/index.php?rest_route=%2Fwp%2Fv2%2Fmedia&parent=20"}],"curies":[{"name":"wp","href":"https:\/\/api.w.org\/{rel}","templated":true}]}}

<ul>
<li>Le responsable délégué de la randonnée doit s’informer :
<ul>
<li>De l’itinéraire projeté et de préférence, le reconnaître.</li>
<li>Informer les participants potentiels du descriptif de la randonnée quant à ses difficultés, sa durée, ses objectifs, l’équipement et matériels nécessaires.</li>
<li>Evaluer et surveiller les attitudes des participants tout en suscitant leur curiosité et leur attention.</li>
</ul>
</li>
</ul>

<p>Le responsable délégué de la randonnée doit s’informer : De l’itinéraire projeté et de préférence, le reconnaître. Informer les participants potentiels du descriptif de la randonnée quant à ses difficultés, sa durée, ses objectifs, l’équipement et matériels nécessaires. Evaluer et surveiller les attitudes des participants tout en suscitant leur curiosité et leur attention.</p>
