{"id":38,"date":"2014-08-09T16:05:06","date_gmt":"2014-08-09T15:05:06","guid":{"rendered":"http:\/\/esperancerando.fr\/?page_id=38"},"modified":"2025-11-20T16:40:06","modified_gmt":"2025-11-20T15:40:06","slug":"adhesion","status":"publish","type":"page","link":"https:\/\/esperancerando.fr\/?page_id=38","title":{"rendered":"Adh\u00e9sion"},"content":{"rendered":"<ul>\n<li>Pour \u00eatre membre actif, il est imp\u00e9ratif et obligatoire\u00a0:\n<ul>\n<li>De s\u2019acquitter du montant de la cotisation annuelle fix\u00e9e en Assembl\u00e9e G\u00e9n\u00e9rale.<\/li>\n<li>De fournir un certificat m\u00e9dical de moins de 3 mois, avant inscription, pr\u00e9cisant que la pratique de la marche \u00e0 pieds est autoris\u00e9e.<\/li>\n<li>Dater et signer le document d\u2019inscription.<\/li>\n<li>Pour tout nouvel adh\u00e9rent, signer le r\u00e8glement int\u00e9rieur de l&rsquo;association.<\/li>\n<li>Adh\u00e9sion <strong>30\u00a0\u20ac<\/strong> pour la p\u00e9riode du 1er septembre au 31 ao\u00fbt de l\u2019ann\u00e9e suivante.<\/li>\n<\/ul>\n<\/li>\n<\/ul>\n<h3><span style=\"color: #0000ff;\"><a href=\"https:\/\/esperancerando.fr\/wp-content\/uploads\/2025\/11\/Inscription-Saison-2025-2026.pdf\"><strong><span style=\"color: #0000ff;\">Inscription-Saison-2025-2026<\/span><\/strong><\/a><\/span><\/h3>\n<h3><span style=\"color: #0000ff;\"><strong><a href=\"http:\/\/esperancerando.fr\/wp-content\/uploads\/2014\/08\/R\u00e8glement-Int\u00e9rieur-2017.docx\"><span style=\"color: #0000ff;\">R\u00e8glement<\/span> <span style=\"color: #0000ff;\">Int\u00e9rieur 2017<\/span><\/a><\/strong><\/span><\/h3>\n<h3><span style=\"color: #0000ff;\"><strong><a style=\"color: #0000ff;\" href=\"https:\/\/esperancerando.fr\/wp-content\/uploads\/2025\/11\/Reglement-Interieur-Avenant-20251119.pdf\">R\u00e8glement Int\u00e9rieur Avenant 20251119<\/a><\/strong><\/span><\/h3>\n<ul>\n<li><strong>Sorties essais<\/strong>\n<ul>\n<li>L\u2019adh\u00e9rent potentiel pourra b\u00e9n\u00e9ficier de 3 randonn\u00e9es dans les conditions suivantes\u00a0:\n<ul>\n<li>S\u2019acquitter d\u2019une cotisation de 3 \u20ac \u00e0 chaque sortie. Au del\u00e0 des 3 essais, la personne aura la possibilit\u00e9 d\u2019adh\u00e9rer ou non \u00e0 la section.\u00a0Il faut \u00eatre en bonne condition physique, respecter le r\u00e8glement int\u00e9rieur du club de randonn\u00e9e et avoir\u00a0sa propre assurance, en cas d\u2019accident.<\/li>\n<\/ul>\n<\/li>\n<\/ul>\n<\/li>\n<\/ul>\n","protected":false},"excerpt":{"rendered":"<p>Pour \u00eatre membre actif, il est imp\u00e9ratif et obligatoire\u00a0: De s\u2019acquitter du montant de la cotisation annuelle fix\u00e9e en Assembl\u00e9e G\u00e9n\u00e9rale. De fournir un certificat m\u00e9dical de moins de 3 mois, avant inscription, pr\u00e9cisant que la pratique de la marche \u00e0 pieds est autoris\u00e9e. Dater et signer le document d\u2019inscription. Pour tout nouvel adh\u00e9rent, signer [&hellip;]<\/p>\n","protected":false},"author":1,"featured_media":0,"parent":36,"menu_order":0,"comment_status":"closed","ping_status":"open","template":"","meta":{"footnotes":""},"class_list":["post-38","page","type-page","status-publish","hentry"],"_links":{"self":[{"href":"https:\/\/esperancerando.fr\/index.php?rest_route=\/wp\/v2\/pages\/38"}],"collection":[{"href":"https:\/\/esperancerando.fr\/index.php?rest_route=\/wp\/v2\/pages"}],"about":[{"href":"https:\/\/esperancerando.fr\/index.php?rest_route=\/wp\/v2\/types\/page"}],"author":[{"embeddable":true,"href":"https:\/\/esperancerando.fr\/index.php?rest_route=\/wp\/v2\/users\/1"}],"replies":[{"embeddable":true,"href":"https:\/\/esperancerando.fr\/index.php?rest_route=%2Fwp%2Fv2%2Fcomments&post=38"}],"version-history":[{"count":38,"href":"https:\/\/esperancerando.fr\/index.php?rest_route=\/wp\/v2\/pages\/38\/revisions"}],"predecessor-version":[{"id":25309,"href":"https:\/\/esperancerando.fr\/index.php?rest_route=\/wp\/v2\/pages\/38\/revisions\/25309"}],"up":[{"embeddable":true,"href":"https:\/\/esperancerando.fr\/index.php?rest_route=\/wp\/v2\/pages\/36"}],"wp:attachment":[{"href":"https:\/\/esperancerando.fr\/index.php?rest_route=%2Fwp%2Fv2%2Fmedia&parent=38"}],"curies":[{"name":"wp","href":"https:\/\/api.w.org\/{rel}","templated":true}]}}